u be 0 - (o - (1 + -1)). What is the units digit of f(u)?
2
Let o = 118 + -73. What is the units digit of o?
5
Let h = 44 + -31. Let d = 0 - -5. Let m = h - d. What is the units digit of m?
8
Suppose 5*g + 3*j = -7, -5*j - 34 = -3*g - 11. Let i(t) = -t + 0*t + 2*t + g. What is the units digit of i(0)?
1
Suppose 36 = 4*n - 0*n. Suppose -2*c = -c - n. Suppose 4*l - 32 = -5*t, 7*l - 4*l = c. What is the units digit of t?
4
Let l = 43 + -30. Suppose 4*z - 23 = y, 0*z - z - l = -4*y. What is the units digit of z?
7
Let i(f) be the first derivative of -3/2*f**2 - 4/3*f**3 + 2 - 1/2*f**4 - f. What is the units digit of i(-2)?
5
Let k be ((-4)/6)/((-7)/336). Let c be (4/6)/((-2)/(-9)). Suppose c*q - k = -q. What is the units digit of q?
8
What is the units digit of (388/(-12))/((-2)/18*1)?
1
Let u(j) = -j + 2. Let x be u(2). Suppose -k = -x*k - 4. Suppose 2*m - k = -v, 2*v + 9 = 3*m + 5*v. What is the units digit of m?
1
Suppose 2*w = -4, -2*d - w = -0*d + 6. Let x(s) = -s**3 - s**2 - s - 1. Let t be x(d). Suppose -t*j = -j - 72. What is the tens digit of j?
1
Let k = -1 + 4. Let v(t) = -9*t**2 - 13 - 11*t + 3*t + t**k + 1. What is the units digit of v(10)?
8
Let w be ((-364)/(-42))/(2/(-6)). Let s = 67 + w. What is the tens digit of s?
4
Let i be (-2)/(-5) + 144/(-10). Let a = 43 + i. What is the tens digit of a?
2
Let i be 33/6 - (-2)/(-4). Let l(u) = 2*u - 6. Let w be l(i). Let b = 11 - w. What is the units digit of b?
7
Let q(c) = -c**2 + 12*c - 9. Let x be q(11). What is the units digit of (x/(-4))/(1/(-12))?
6
Let x be 22*1*(-2)/4. Let w(r) = -r**2 - 11*r + 11. What is the units digit of w(x)?
1
Let a(x) = 2*x**2 + 5*x + 3. Let v = -3 + 0. What is the units digit of a(v)?
6
Let y(j) = 6*j - 3. Let s be y(2). Suppose 0 = 3*p - n - 11, 3*p - 5*n + s = 4*p. What is the units digit of p?
4
Suppose -18 = 3*i + 27. Let w be (-34)/(-8) - i/20. Suppose 4*d + w*y = 30, y - 2*y = -4*d + 42. What is the tens digit of d?
1
Let r(d) = d**3 - 9*d**2 - 10*d + 12. Let s be r(10). Suppose -g = -35 - s. What is the units digit of g?
7
Let d(a) be the second derivative of a**3 + 4*a. What is the tens digit of d(2)?
1
Suppose 4*c + 3*i - 1043 + 139 = 0, 4*i + 207 = c. What is the units digit of c?
3
Let l(k) = k - 4. Let m be l(5). Let b be (m - 0)/((-1)/6). Let w(p) = -p**3 - 5*p**2 + 4*p - 5. What is the units digit of w(b)?
7
Suppose 0 = w + 2*g - 10, g - 7 - 5 = -4*w. Suppose -w*y = y + 9, 0 = 3*n - y - 39. What is the tens digit of n?
1
Suppose 20*r = 21*r - 339. What is the tens digit of r?
3
Let z be (-243)/(-6) - 1/2. Suppose 0 = 2*h - f - 29, -4*h - 6*f + 2*f = -z. What is the tens digit of h?
1
Let v be 2*(0 - 2)/4. Let x(f) = -6*f**3 + 2*f**2 + 26 + f - 26. What is the units digit of x(v)?
7
Suppose 22 = o + 2*s, 0*o - 2*o + 3*s + 79 = 0. What is the units digit of o?
2
Let x be (11 + -5)/((-3)/2). Let d be (4/x)/((-3)/(-12)). Let t = 10 + d. What is the units digit of t?
6
Let r be 18/5 - (-12)/30. Let n be (0 + 1)*28/r. Let j = n + -6. What is the units digit of j?
1
Let i = 44 + 72. What is the tens digit of i?
1
Let v(d) = -d**3 - 9*d**2 + 13*d - 12. What is the units digit of v(-11)?
7
Let z be 3*(-6)/9*-1. Suppose g + 4 = -2*l - 3, -2*l = -z*g + 10. Suppose g = q - 2, -5*q - 9 = -3*w. What is the units digit of w?
8
Let q = 3 + 0. Suppose 5*r = 4*z + 193 + 16, 0 = -q*r + 5*z + 128. What is the units digit of r?
1
Suppose -6*k - 6 = -3*k. Let y be k*(1 - 0/1). What is the units digit of (y - -8)*8/6?
8
Let n be (-1)/((4/10)/(-2)). Let z be -7*1/(1/(-1)). Suppose -3*u + u + z = -y, n*y = -u - 2. What is the units digit of u?
3
What is the units digit of ((-4)/5)/(2/(-370))?
8
Suppose 0 = -9*p - 3*p + 1836. What is the tens digit of p?
5
Let s be 2/(-8) - (-6)/(-8). Let l be 6/(-3) + 4 - s. Suppose -7 = l*m - 28. What is the units digit of m?
7
Let y(s) = -19*s + 5. What is the units digit of y(-3)?
2
Let a be ((-12)/14)/(2/(-14)). Let g = -5 - -7. What is the units digit of (g/a + 0)*21?
7
Suppose -3*v + 65 = 8. Let u = 37 - v. What is the tens digit of u?
1
Suppose -6*a = 2*a - 368. What is the units digit of a?
6
Suppose q - 2 = -0*q. Suppose -64 = -4*y - 5*z, -5*y + 43 = -0*z - 3*z. Suppose -y = -g - q. What is the units digit of g?
9
Suppose 3*l = 5*a - 1191, 3*l + 480 = -0*a + 2*a. Suppose -178 = -4*v + y + 4*y, -5*v - y = -a. What is the units digit of v?
7
Let b(h) = h**3 - 4*h**2 - 5*h - 2. Let n be b(5). Let r = 3 - n. What is the units digit of r?
5
Suppose -a + 5*y + 164 = 3*a, 4*y + 52 = a. What is the units digit of a?
6
What is the units digit of 572/39*3*1?
4
Let z(q) = -q**2 - 11*q - 5. Let r be z(-10). What is the units digit of (-3)/(-1) + (r - 3)?
5
Suppose 4*q = 5*r + 53, 0 = -2*r - 3*q + 4*q - 20. What is the units digit of 39/r*-3 - -2?
5
Let y = -28 + 50. What is the units digit of 33/y*88/3?
4
Let i be -3*(64/6 - 0). Let d = 3 + -25. Let k = d - i. What is the units digit of k?
0
Let x = 39 + -19. What is the units digit of x?
0
Suppose -4*g = -2*l - 8, -5*g - 1 + 6 = 0. Let u = -1 - l. What is the units digit of 4 + 17 + (-3)/u?
8
Suppose -2*b = b + 5*f - 223, 0 = -3*f - 12. What is the tens digit of b?
8
Suppose -13*y + 3736 + 658 = 0. What is the tens digit of y?
3
What is the tens digit of (300/(-70))/((-6)/28)?
2
Let o = 10 + -6. Let z(c) = 4*c**2 - 2*c - 5. Let i(u) = -u**2 + u + 1. Let a(h) = -5*i(h) - z(h). What is the units digit of a(o)?
4
Let g(i) = -212*i + 1. What is the units digit of g(-1)?
3
Suppose n + 2*k - 21 = 0, 2*k = -n - n + 36. Suppose 171 = 5*v - 2*j, -6*j = -j + n. What is the tens digit of v?
3
Let y = -24 + 55. Suppose 0*n - 4*n + q + 73 = 0, n + 4*q = y. What is the tens digit of n?
1
Suppose 0 = -10*w + 27*w - 3162. What is the hundreds digit of w?
1
Let c = 7 - 2. Suppose -c*d = -d - 40. What is the units digit of d?
0
Let k = -11 - -24. Suppose 22 + k = 3*p - 4*x, -40 = -4*p + 4*x. What is the units digit of p?
5
Let g(i) = -i**3 - i**2 - i + 1. Suppose -20 = -0*k - 5*k. Suppose l = -4*w - 1, -3*w + 4*l + k = -4*w. What is the units digit of g(w)?
1
Let c(f) = -f**2 - 1. Let i(x) = 4*x**2 - 9*x + 1. Let n(m) = 5*c(m) + i(m). Suppose -2*s - 5*a - 1 - 28 = 0, -4*a + 9 = -3*s. What is the units digit of n(s)?
0
Let j(w) = -w**3 - 2*w**2 - 1. Let i be j(-2). Let v = -8 + i. Let f = v - -14. What is the units digit of f?
5
Let k = 89 + 43. What is the tens digit of k?
3
Suppose y - 174 = h, 5*y + 189 - 1041 = -h. What is the tens digit of y?
7
Suppose -3*l + 81 = -5*h, -3*l + 108 = l + 4*h. What is the units digit of l?
7
Let h = -16 - -38. What is the units digit of 10/(-55) + 1104/h?
0
Suppose -9 - 5 = -2*j. What is the units digit of j?
7
Let k = 14 - 9. Suppose -k*f = -6*h + 2*h + 10, -3*f + h + 1 = 0. What is the units digit of (2 - f) + (1 - -3)?
4
Suppose 0 = 5*x + x - 258. What is the units digit of x?
3
What is the units digit of (54/10)/(4/20)?
7
Let q = -6 - -8. Let s be q - 12/(-1 + -2). Let o = s + -3. What is the units digit of o?
3
Suppose 5*t + 43 = x, 0 = 4*x - 2*t - 41 - 185. What is the units digit of x?
8
Suppose 0 = -2*j + 4*g - g + 16, 4*g + 8 = j. Suppose -j - 4 = 4*t. Let l = t - -4. What is the units digit of l?
1
Suppose 10 - 4 = b. Suppose 4*u - u + b = -3*r, 3*u + 10 = r. What is the units digit of r?
1
Suppose 4 = 2*k - 0*k. Let x(c) = 1 + 6 + c**3 - 5*c + 5*c**k + 0*c. What is the units digit of x(-6)?
1
What is the units digit of ((-2)/(-3))/((-8)/(-516))?
3
Let f(c) = c**3 - c**2 + 31. Let k be (2 + -2)*(4 + -5). What is the tens digit of f(k)?
3
Suppose -3*i + 967 = -4*u - 0*u, -8 = 2*u. What is the hundreds digit of i?
3
Let i be (-3 - (-3 + 1)) + -248. Let f be 5/(-10) - i/6. Suppose 43 = 4*l - f. What is the units digit of l?
1
Let s = 111 - 44. What is the tens digit of s?
6
Suppose -4*u + 95 = -l + 6*l, -5*u = 25. What is the tens digit of l?
2
Suppose -5*c - 1 = 4. Let h = c - -7. Let j(k) = k**2 - 3*k - 6. What is the units digit of j(h)?
2
Let b(o) = -o**3 + 5*o**2 + 7*o. What is the units digit of b(6)?
6
Suppose -21 = s + s + 3*y, s = -5*y - 7. Let v = 4 + s. Let o = v - -17. What is the units digit of o?
9
Let w = 1 - -1. Suppose 0 = 3*u - w*o - 16, 3*u + 2*u + 10 = -4*o. What is the units digit of u?
2
Let z be (2/2)/(1/6). Let y = -2 + z. Suppose -5*